 = 13*a**2 - 2316*a + 66517. Give n(36).
-11
Let l(n) = 2*n**2 + 1356*n + 79676. Calculate l(-65).
-14
Let t(q) = 21022*q + 777816. What is t(-37)?
2
Let x(k) = -8*k**3 + 131*k**2 + 5373*k - 54. What is x(-19)?
22
Let y(w) = 3016*w - 557947. What is y(185)?
13
Let j(c) = c**3 + 6*c**2 + 114*c + 25. Calculate j(-8).
-1015
Let o(q) = 29991*q - 2129367. What is o(71)?
-6
Let n(r) = -2*r**3 + 40*r**2 - 15*r + 176. Determine n(18).
1202
Let n(k) = -59692*k - 299055. Calculate n(-5).
-595
Let q(i) = 2*i**2 + 237*i + 3533. Give q(-101).
-2
Let x(d) = -2029*d - 13465. What is x(-7)?
738
Let u(w) = 34632*w + 22. Determine u(0).
22
Let a(l) = l**2 - 60439*l + 845945. Determine a(14).
-5
Let p(a) = -86084*a - 344002. Determine p(-4).
334
Let v(h) = -h**2 + 3451*h - 186778. Determine v(55).
2
Let p(g) = -g**2 + 642*g - 91327. What is p(429)?
50
Let c(p) = 538*p + 38574. Determine c(-73).
-700
Let c(o) = -6*o**2 + 253*o + 1347. Calculate c(39).
2088
Let m(k) = k**3 - 97*k**2 + 751*k + 369. What is m(9)?
0
Let u(r) = 18*r**2 + 287*r + 700. What is u(-13)?
11
Let s(c) = 4668*c + 4042489. Calculate s(-866).
1
Let r(f) = f**3 - 17*f**2 + 4*f + 60. Calculate r(17).
128
Let x(j) = -1121552*j - 2243103. Calculate x(-2).
1
Let r(i) = -i**3 - 218*i**2 - 10288*i - 1052. What is r(-149)?
-9
Let w(u) = 318367*u - 10506060. Determine w(33).
51
Let s(c) = 20*c**2 + 7759*c - 31754. Calculate s(-392).
-2
Let v(s) = -6733*s - 592514. Calculate v(-88).
-10
Let z(s) = 2*s**2 - 3072*s - 168299. Give z(-53).
135
Let j(t) = -18307*t - 54948. Give j(-3).
-27
Let w(a) = -188709*a + 754864. Give w(4).
28
Let z(x) = 144*x**3 - 5*x**2 + 133*x + 435. Determine z(-3).
-3897
Let n(k) = -2494*k - 41882. What is n(-17)?
516
Let j(x) = -2*x**3 - 50*x**2 + 234*x + 8. Calculate j(-31).
4286
Let k(b) = 69301*b + 415813. Calculate k(-6).
7
Let b(i) = -2*i**3 + 5*i**2 - 1098*i - 3270. What is b(-3)?
123
Let d(n) = -1676708*n - 6706860. Give d(-4).
-28
Let j(u) = 44118*u + 1764597. Calculate j(-40).
-123
Let q(d) = d**2 - 1018*d - 3045. Determine q(-3).
18
Let r(f) = -5*f**3 - 34*f**2 - 15*f - 2. Calculate r(-7).
152
Let r(z) = 5428*z - 21645. What is r(4)?
67
Let q(y) = -21*y**2 - 56*y + 2405. Give q(14).
-2495
Let g(y) = -33*y - 3634. Calculate g(-84).
-862
Let s(o) = -2*o**3 - 71*o**2 + 601*o + 37. Determine s(7).
79
Let c(z) = -z**3 + 96*z**2 - 2853*z + 298817. What is c(98)?
15
Let v(l) = 10288*l - 462847. Give v(45).
113
Let z(o) = -3031*o - 68535. Calculate z(-23).
1178
Let g(s) = -2438*s - 214208. Calculate g(-88).
336
Let w(j) = 3*j**3 - 112*j**2 + 5*j - 560. Calculate w(37).
-1744
Let d(h) = 169*h + 16. Calculate d(0).
16
Let a(q) = -120*q + 18046. What is a(152)?
-194
Let d(w) = 215*w**2 - 2372*w + 121. Calculate d(11).
44
Let u(w) = -415*w**2 + 76068*w - 22515. Calculate u(183).
-6
Let x(u) = -6552*u**3 - 7*u**2 + 235*u - 228. Give x(1).
-6552
Let g(y) = -14*y**2 + 614*y - 261. Calculate g(43).
255
Let p(h) = -h**3 + 122*h**2 - 918*h + 705. Determine p(114).
21
Let p(t) = -t**2 - 700*t - 114016. What is p(-258)?
20
Let l(h) = -233*h - 5728. Give l(-27).
563
Let k(q) = -q**2 - 140*q + 9943. Calculate k(-196).
-1033
Let k(t) = -2*t**3 + 33*t**2 + 5*t - 279. What is k(17)?
-483
Let u(i) = -27765*i - 6052768. Determine u(-218).
2
Let h(m) = 2*m**2 + 19278*m - 1555044. Give h(80).
-4
Let x(q) = q**2 + 186*q + 6523. Give x(-48).
-101
Let m(t) = 186*t + 16924. Calculate m(-91).
-2
Let f(k) = -8*k**2 - 279*k - 1385. Determine f(-6).
1
Let p(d) = -86909*d + 608260. What is p(7)?
-103
Let x(i) = -13478*i - 1347871. Give x(-100).
-71
Let n(v) = 5*v**3 + 376*v**2 + 586*v + 10512. Give n(-74).
4
Let z(f) = 3*f**3 + 340*f**2 + 5599*f + 30. Calculate z(-20).
50
Let i(d) = 4336*d - 39169. Give i(9).
-145
Let u(a) = -305581*a - 3666996. Calculate u(-12).
-24
Let o(m) = 14*m**2 - 855*m - 2685. Give o(-3).
6
Let i(h) = -h**3 - 17*h**2 + 2397*h + 38638. What is i(-16)?
30
Let r(f) = -5*f**2 - 27*f - 49. Give r(-3).
-13
Let v(l) = -53159*l + 903703. Give v(17).
0
Let m(z) = 19453*z - 1420066. Calculate m(73).
3
Let i(l) = l**3 - 22*l**2 - 1414*l + 711. Calculate i(50).
11
Let h(o) = 4889*o - 14360. Calculate h(3).
307
Let m(z) = -2*z**2 + 43*z + 686. Determine m(36).
-358
Let o(p) = -155*p - 8655. Determine o(-52).
-595
Let g(f) = -5*f**3 + 788*f**2 - 544*f + 11428. Determine g(157).
-33
Let f(y) = -30*y**2 + 835*y + 165. Give f(28).
25
Let a(j) = -6*j**3 + j**2 + 3862*j - 7723. Calculate a(2).
-43
Let k(v) = 3*v**3 - 9*v**2 - 110*v + 862. Determine k(7).
680
Let o(s) = s**2 + 1331*s + 21. Give o(0).
21
Let i(d) = -d**3 - 7*d**2 + 98*d - 230. Give i(4).
-14
Let b(o) = -2*o**3 + 12*o**2 + 98*o - 598. Determine b(7).
-10
Let t(l) = 31472*l - 755302. Calculate t(24).
26
Let z(y) = 1513*y + 45731. Calculate z(-31).
-1172
Let v(f) = -9*f**3 + 256*f**2 - 1706*f + 37. What is v(18)?
-215
Let x(t) = 13*t**3 + 2*t**2 - 492*t + 1984. Determine x(4).
880
Let y(w) = w**3 - 23*w**2 + 68*w - 66. Determine y(18).
-462
Let a(i) = 144310*i + 62. What is a(0)?
62
Let o(p) = -2*p**3 + 35*p**2 + 18*p - 582. Calculate o(17).
13
Let v(h) = -37*h - 3731. What is v(-83)?
-660
Let m(t) = -234*t**2 + 79794*t + 186. Calculate m(341).
186
Let g(d) = 37*d**3 - 9250*d**2 + 7*d - 1746. Calculate g(250).
4
Let s(c) = -10570*c - 158549. What is s(-15)?
1
Let k(o) = -7*o**3 - 36*o**2 + 22*o + 74. What is k(-5)?
-61
Let c(y) = 2*y**2 + 71*y - 3216. Determine c(-58).
-606
Let p(q) = 392*q + 30825. What is p(-80)?
-535
Let s(i) = -i**3 - 31*i**2 - 100*i - 3135. Calculate s(-31).
-35
Let p(j) = -12*j**2 - 356*j + 23. Give p(-11).
2487
Let x(w) = 160*w**2 - 20632*w - 889. Give x(129).
143
Let b(a) = -a**3 + a**2 + 1829*a - 996. Give b(43).
-7
Let t(k) = 971*k - 586490. Give t(604).
-6
Let r(q) = q**2 + 65*q - 1694. Determine r(20).
6
Let h(r) = -r**2 - 5014*r - 653871. Give h(-134).
49
Let q(l) = -497*l**2 - 9983*l + 42. Give q(-20).
902
Let m(k) = 3*k**3 + 1251*k**2 - 2511*k + 1396. Determine m(-419).
139
Let m(t) = -588*t + 23367. Determine m(39).
435
Let f(v) = v**3 + 267*v**2 + 11030*v + 3026. Determine f(-216).
2
Let q(r) = 7770*r - 38780. Give q(5).
70
Let c(x) = -10672*x - 18024994. Determine c(-1689).
14
Let g(m) = -m**3 - 6*m**2 - 31*m - 235. Determine g(-6).
-49
Let w(a) = -a**3 + 147*a**2 + 2740*a - 822. Give w(-17).
-6
Let o(s) = -3*s**2 - 232*s - 4469. Give o(-40).
11
Let t(w) = 1815*w - 3535. What is t(2)?
95
Let f(o) = -o**3 - 217*o**2 + 2285*o + 3399. Give f(-227).
-6
Let u(k) = -3*k**3 + 248*k**2 - 691*k + 4218. Give u(80).
138
Let n(i) = -3373*i + 6629. Give n(2).
-117
Let y(c) = 8*c**3 + 1141*c**2 - 426*c + 442. Determine y(-143).
13
Let v(g) = -4*g**2 - 240*g - 150. Determine v(-61).
-394
Let f(k) = -2*k**2 + 302*k - 141. Calculate f(150).
159
Let p(k) = 17*k**2 - 41*k - 2772. Give p(14).
-14
Let o(i) = 11*i**2 + 18*i - 299. Calculate o(-6).
-11
Let i(r) = -r**3 + 433*r**2 - 36577*r + 2282. Determine i(318).
56
Let j(t) = -2*t**3 - 7*t**2 + 58*t - 77. Determine j(-8).
35
Let v(l) = l**3 + 8*l**2 + 19*l - 59. Determine v(2).
19
Let b(h) = -h**2 - 153*h + 287374. Determine b(-618).
4
Let q(l) = -3806*l - 164231. Calculate q(-43).
-573
Let c(i) = 1632*i + 7884. Determine c(-5).
-276
Let f(d) = d**3 + 28*d**2 - 41008*d - 912. Calculate f(189).
33
Let i(a) = a**3 - 43*a**2 + 52*a - 569. Determine i(42).
-149
Let x(h) = -2*h**3 + 156*h**2 - 996*h + 149. Give x(71).
7
Let i(t) = -25*t**2 + 3821*t + 3826. Determine i(-1).
-20
Let s(w) = -w**2 - 792*w - 96343. Determine s(-150).
-43
Let n(a) = 73*a + 861. What is n(-13)?
-88
Let p(m) = 60318*m - 9047716. Give p(150).
-16
Let x(a) = 4*a**3 - 194*a**2 - 404*a + 15001. What is x(49)?
7
Let x(t) = -25574*t - 3043303. Determine x(-119).
3
Let b(h) = 13*h**2 + 42*h + 242. Calculate b(-5).
357
Let k(u) = -u**3 + 48*u**2 - 2363*u + 108685. Determine k(47).
-167
Let p(d) = 39553*d - 435093. Determine p(11).
-10
Let a(f) = -3*f**2 - 938*f + 11609. Determine a(12).
-79
Let v(h) = -2*h**2 + 45782*h - 640540. Give v(14).
16
Let o(v) = 40516*v + 121504. Give o(-3).
-44
Let s(o) = 115944*o + 1507213. Calculate s(-13).
-59
Let l(w) = -w**3 + 283*w**2 - 1651*w + 5. Calculate l(6).
71
Let o(m) = 149*m**2 - 563*m + 2216. Determine o(4).
2348
Let l(u) = -2791*u - 7061. Determine l(-2).
-1479
Let